and p.
14
Suppose -3*k + 3286 - 3193 = 0. What is the greatest common divisor of k and 10509?
31
Let b(u) = 7*u - 7. Let c be b(6). Let k = 328 + -339. Let y be k/((-55)/25)*1. What is the greatest common divisor of y and c?
5
Let h be 166/(-4)*(-4 - 2). Let o = -155 + h. Let j = -243 + 290. Calculate the highest common divisor of o and j.
47
Suppose 107 = 5*j + 17. Let n(y) = 39*y + 4. Let s be n(-1). Let r be ((-6)/(-10))/(s/(-2625)). What is the greatest common factor of r and j?
9
Suppose 2*c - d = 456, -3*c - 33*d + 31*d + 705 = 0. Calculate the greatest common divisor of 264 and c.
33
Let v = -106 + 12. Let n = v - -128. Suppose g + 5*s = n, -3*s + 45 = 4*g - 6. Calculate the greatest common factor of g and 15.
3
Let x(j) = -2*j**2 - 53*j. Let v be x(-24). Suppose -4*z - 5*q = -27, -2*q = -3*z + 3 + 23. Calculate the highest common factor of z and v.
8
Suppose -2*r - 80 = -u - 0*r, -74 = -u - 4*r. Suppose -u = -10*f - 3*f. Calculate the greatest common factor of 18 and f.
6
Let a = 2464 + -1344. Suppose 0 = -4*q + 476 + a. What is the highest common divisor of q and 3?
3
Let i = 1320 + -1205. Suppose 0 = -3*m - 2*w - 1 + i, -w + 39 = m. Suppose 5*h - 36 = 2*h. What is the highest common factor of m and h?
12
Let w be -6 + 1 + 5 + -8 + -1. Let b be 4/(-3) - 129/w. Let l = -284 + 401. Calculate the greatest common factor of b and l.
13
Suppose 5*c = b + 33, -4*b - 5 + 13 = 0. What is the highest common divisor of 973 and c?
7
Suppose 0 = 5*x + r - 207, 5*r + 132 = 3*x + 3*r. Suppose -x = -2*o + s - 6, 2*s + 32 = 2*o. Let v = 231 - 51. What is the greatest common divisor of o and v?
20
Let p(h) = -h**2 - h + 8. Let r be p(0). Suppose -r*d = -12*d + 60. Let o be (-20)/6*d/(-2). Calculate the highest common divisor of o and 25.
25
Let f(z) = -z**3 - 4*z**2 + 3*z - 8. Let l be f(-5). Suppose -2*h = -4*g + 51 + 61, 140 = 5*g - l*h. What is the greatest common divisor of 140 and g?
28
Let n = 100 + -101. Let c be (-1 - -12 - 5)*n. Let s be 192/9*(-27)/c. Calculate the greatest common factor of s and 24.
24
Let q = 36674 + -36498. Calculate the highest common divisor of 944 and q.
16
Let z(k) = -k**3 + 114*k**2 - 101*k + 122. Let c be z(111). Calculate the highest common factor of 17 and c.
17
Let n = 29904 + -29631. Calculate the greatest common divisor of 2145 and n.
39
Let h be (1*-2)/(370/(-40) + 9). Suppose -4*n = -h - 24. Calculate the highest common factor of n and 36.
4
Let v = 5562 + -5391. Let q be 100/4 + 2 + 0. Calculate the highest common divisor of v and q.
9
Let p(k) = -4*k - 10. Let q be p(-4). Suppose 0 = -3*a + q. Suppose 0 = 2*r + 3*x - 27, x - 14 = a*r - 3*r. Calculate the highest common divisor of r and 5.
5
Let o be -4 - -2 - 23*-1. Let f(d) = 94*d + 12154. Let u be f(-129). Calculate the highest common factor of o and u.
7
Suppose 0 = 21*d + 33*d - 0*d - 317844. Calculate the greatest common divisor of d and 27.
27
Suppose -8*g + 1865 = 2*d - 9*g, 4*d - 3751 = -g. Calculate the greatest common divisor of 42 and d.
6
Suppose -11*f - 12004 = -21739. Calculate the greatest common divisor of f and 1.
1
Let f = 93 - 105. Let b be (-1005)/f + (-6)/(-24). Calculate the highest common divisor of b and 36.
12
Let i be -9 - ((-1287)/26)/((-5)/(-50)*5). What is the highest common divisor of i and 40?
10
Let k = 117 + -196. Let y = k + 177. Let z be (-2304)/(-54) + (-4)/6. What is the greatest common factor of y and z?
14
Suppose -4*h + 2045 = 2*t - 6373, 5*h - 10512 = -4*t. Calculate the highest common factor of 434 and h.
62
Let c(j) = 108*j + 627. Let d be c(-4). Calculate the highest common factor of d and 1040.
65
Let q(p) be the first derivative of p**2 + 21*p - 4. Let o be q(0). Let y = 1754 - 1740. What is the highest common divisor of y and o?
7
Let j be (-49)/(-14)*(-170)/(-35). Let y be (4 + 119)*4/6. Let g be 3*y/3 - -3. What is the highest common factor of g and j?
17
Suppose 0 = 3*b - 128*n + 131*n - 2550, 0 = -b - 3*n + 860. Calculate the greatest common divisor of b and 5.
5
Suppose 5*d - 2*c = -56, 4*c - 22 = d - 0*d. Let x be ((-6)/15)/(2/d). Let w = -2965 - -2983. Calculate the highest common factor of x and w.
2
Suppose 0 = -p - 2*i + 650, 2*p - i = 320 + 965. Suppose -21*u - 2*u = -p. What is the highest common divisor of 490 and u?
14
Suppose t = -5*k + 15, -3*k - 2*t + 31 = 3*t. Suppose -3*u + k*u = -x + 77, -2*x + 3*u = -153. Calculate the highest common factor of x and 52.
26
Suppose 2*x - 34*z = -35*z + 1011, -5*z + 2031 = 4*x. Calculate the greatest common divisor of x and 369.
9
Suppose 0 = 9*g - 519 - 21. Suppose 22*l - g = 18*l. Let w(q) = 5*q**3 - 6*q**2 - q + 5. Let n be w(4). What is the highest common factor of n and l?
15
Let s be (-12)/(-21)*(15897/14 - 5). Calculate the highest common divisor of s and 34.
34
Let x = -2290 - -2359. Calculate the greatest common divisor of 46 and x.
23
Suppose 226*l - 8311 - 3239 = 76*l. What is the greatest common factor of 350 and l?
7
Suppose j = z - 178, 5*j + 3*z + 840 = -2*z. Let v = -141 - j. What is the highest common factor of v and 4?
4
Let s = 3792 - 3756. What is the highest common divisor of s and 3924?
36
Let z = -502 - -503. Let l be (z + -8)*3*(-4)/6. Let p = -7 + 35. What is the greatest common divisor of l and p?
14
Let j be ((-72)/14)/((-4)/14 - 0). Suppose -j = 3*y - 2*y + 4*z, -y = z + 6. Let d be 1 + y - (-3 + -302). Calculate the highest common factor of d and 38.
38
Let i = -10727 - -10943. Calculate the greatest common divisor of i and 57.
3
Let q be (-4)/6 + (-5)/(75/410). Let t be (30 + q)*(-4)/(-2). Suppose 0 = -5*x - 20, 0 = t*c - x - 53 - 55. Calculate the highest common divisor of 234 and c.
26
Let v(m) = -7*m + 2 + 8 + 8 - 6*m. Let z be v(10). Let p be 10/2*z/(-5). What is the greatest common divisor of p and 14?
14
Let c be (-2 - -18) + -14 + 2*-23. Suppose 3*d - 12 = 36. Let u be (495/c)/((-6)/d). Calculate the greatest common divisor of u and 15.
15
Let p be (10/((-70)/1449))/(1/(-1)). Calculate the highest common factor of p and 135.
9
Suppose -2*f + 98 = 5*z, f = -9*z + 6*z + 59. What is the greatest common factor of z and 7170?
10
Suppose -71*w = -3640 - 1046. Calculate the highest common divisor of 187 and w.
11
Let d(p) = -12*p**3 - 6*p**2 - 15*p - 10. Let s be d(-1). Suppose x - 3*m - 4 = -5*m, 0 = -5*x - 2*m + 12. What is the highest common divisor of s and x?
1
Let g(n) = -8*n**2 + 3*n + 36. Let h be g(-5). Let o = -137 - h. What is the highest common factor of o and 84?
42
Suppose 0 = n - 1, -7*k + 10*k + 5*n - 8 = 0. Let u be ((9/2)/(-3))/(6/(-20)). Suppose 4 = -w + u*w. Calculate the greatest common divisor of w and k.
1
Suppose 0 = 2*n - 2*x - 442, 5*n + x - 516 - 613 = 0. Suppose -184*b = -206*b + 1980. Calculate the highest common divisor of b and n.
45
Let d = -5488 - -5576. Suppose -5*p - 3*q + 15 = 0, 0*q + 15 = 2*p + 3*q. Suppose -b + 2*b - 220 = p. Calculate the highest common factor of d and b.
44
Let g(q) = -q**2 + 11*q - 2. Let k be g(10). Suppose -k = -t - l, -2 = -l + 2. Suppose -t*y = -18 - 2. What is the greatest common divisor of y and 55?
5
Let b be 1 + 27 - (0 - 3). Let w(r) = -r**2 + 56*r - 13*r**3 + 2 - 24*r - b*r. Let s be w(-1). Calculate the greatest common divisor of 65 and s.
13
Let h = -41 + 181. Let y(a) be the second derivative of -37*a**3/3 - 9*a**2 - 40*a. Let r be y(-1). What is the highest common factor of h and r?
28
Let i be (-11226)/(-33) - (-26)/(-143). Calculate the highest common divisor of 4 and i.
4
Suppose -65 = -4*l - 41. Let w be (-5)/(((-8)/(-12))/((-8)/l)). Calculate the highest common factor of w and 8.
2
Suppose -1 = c + 3, 4*a - c = 304. Suppose 22*d = 17*d - 15. Let q = a + d. Calculate the highest common factor of 18 and q.
18
Suppose -4*p - m = -2*m - 2550, -2*p + 5*m = -1266. Calculate the highest common divisor of 203 and p.
29
Let i be -64*1*(-7 + 4). Let l = 63 + -141. Let j = l + i. Calculate the greatest common factor of j and 76.
38
Suppose 5*m = -2*o + 565, -4*o + 12*m - 6*m = -1178. What is the highest common divisor of 8 and o?
2
Suppose 2*z = -b - 6, 3*z - z + 10 = -3*b. Let o be (z/4)/(-1)*(3 + -5). Let n = 32 - o. What is the highest common factor of n and 11?
11
Let l be (-3 + 36/28)/(114/(-1064)). Calculate the greatest common factor of l and 7256.
8
Le